*r**2 - 2132*r - 269044. What is u(-114)?
-4
Let i(r) = -r**3 + 21*r**2 + 2644*r - 59759. Determine i(23).
-5
Let j(r) = -2*r**3 - 16*r**2 + 649*r + 7519. Calculate j(-12).
883
Let n(r) = 17796*r - 24291541. Calculate n(1365).
-1
Let z(w) = -w**3 - 46*w**2 - 485*w - 263. Calculate z(-16).
-183
Let h(n) = -902*n**2 - 1673*n + 1672. Determine h(1).
-903
Let g(h) = 2*h**3 + 22*h**2 - 289*h - 654. Determine g(-18).
12
Let w(k) = 385*k**2 - 10778*k - 118. Calculate w(28).
-62
Let m(n) = -n**3 + 15*n**2 - 32*n + 13. Give m(8).
205
Let j(x) = -3*x**2 - 4736*x - 876136. Calculate j(-214).
-20
Let j(p) = 11*p**2 - 84615*p + 591762. What is j(7)?
-4
Let x(y) = -158*y + 7733. What is x(50)?
-167
Let a(d) = 4418*d - 145767. Determine a(33).
27
Let q(n) = -11*n**3 + 132*n**2 - 5*n - 45. Give q(11).
1231
Let f(y) = -3*y**3 + 124*y**2 + 408*y - 18396. What is f(41)?
13
Let t(q) = -10*q**2 - 120*q - 262. Give t(0).
-262
Let m(b) = -b**3 - 2*b**2 - 56*b + 68. Calculate m(14).
-3852
Let u(z) = -5*z**3 - 925*z**2 + 38515*z - 522. Determine u(35).
3
Let m(v) = v**3 + 34*v**2 + 63*v + 616. What is m(-33)?
-374
Let p(j) = -j**2 - 176*j + 125505. Calculate p(277).
24
Let n(m) = -6*m**3 + 58*m**2 - 41*m + 492. What is n(11)?
-927
Let t(j) = -11309*j - 22352. Calculate t(-2).
266
Let a(o) = -2*o**2 + 568*o + 218659. What is a(-218)?
-213
Let b(h) = -5*h**3 + 144*h**2 + 29*h + 64. What is b(29)?
64
Let h(f) = -f**3 - 419*f**2 + 839*f - 1271. Give h(-421).
-8
Let b(t) = 58*t**2 - 71*t - 12. Give b(-4).
1200
Let c(k) = -k**3 + 30*k**2 + 12729*k - 271259. Calculate c(21).
19
Let s(z) = 12*z**3 - 6*z**2 + 73*z - 242. What is s(4)?
722
Let p(y) = -548*y - 4508. What is p(-10)?
972
Let c(z) = -21*z**3 + 2336*z**2 - 547*z - 420. Give c(111).
468
Let z(b) = 144*b**3 + 4180*b**2 + 690*b + 16661. Determine z(-29).
15
Let k(j) = -9*j**2 + 261*j + 1146. What is k(30)?
876
Let d(b) = 267*b + 16057. Calculate d(-60).
37
Let d(a) = -a**2 - 275*a + 19282. What is d(58)?
-32
Let x(k) = -4*k**2 + 489*k + 6806. Determine x(-13).
-227
Let q(y) = -6*y**3 - 451*y**2 - 2733*y - 6. What is q(-6)?
1452
Let a(s) = -2*s**3 + 11*s**2 + 8369*s - 41867. Determine a(5).
3
Let r(o) = -19965*o**2 - 59844*o + 4. Calculate r(-3).
-149
Let a(y) = -18*y**2 + 875*y - 254. Calculate a(48).
274
Let m(o) = -8*o**2 - 3332*o + 19996. What is m(6)?
-284
Let r(m) = -192*m**2 + 3766*m + 5534. Calculate r(21).
-52
Let l(h) = -h**2 - 50*h + 1452. Determine l(35).
-1523
Let k(q) = 73*q**2 + 3460*q - 2187. Give k(-48).
-75
Let s(h) = 825601*h + 7430408. Calculate s(-9).
-1
Let l(v) = 2*v**3 - 112*v**2 + 211*v + 41. Give l(54).
-229
Let o(r) = -r**2 + 220*r + 15727. Calculate o(-57).
-62
Let w(v) = -3*v**2 + v + 423. What is w(-17)?
-461
Let u(d) = 21421*d + 64258. Determine u(-3).
-5
Let s(b) = 422*b**2 + 16477*b + 64. Calculate s(-39).
-677
Let k(l) = -l**3 - 9*l**2 - 11650*l - 116608. Give k(-10).
-8
Let f(j) = -13*j**2 - 280*j + 10. Calculate f(-20).
410
Let w(o) = 11*o**3 - 384*o**2 - 53*o + 637. Calculate w(35).
7
Let k(g) = 2*g**3 - 12572*g**2 + 112996*g - 30. What is k(9)?
60
Let v(u) = -3*u**3 + 13*u**2 - 117*u + 585. Give v(6).
-297
Let t(k) = -58*k**3 + 42*k**2 - 126*k - 5. Give t(3).
-1571
Let h(l) = l**2 + 182*l + 7248. Give h(-125).
123
Let i(n) = 2*n**3 + 2*n**2 + 13*n + 386. What is i(0)?
386
Let j(v) = -v**3 - 14*v**2 - 755*v - 7540. What is j(-11)?
402
Let m(i) = 367*i**2 - 1474*i + 31. What is m(4)?
7
Let r(o) = 6923*o - 1204483. Calculate r(174).
119
Let z(k) = 5345*k - 17431. What is z(3)?
-1396
Let p(u) = -2*u**3 - 83*u**2 + 119*u - 9. What is p(-43)?
421
Let u(k) = -553*k - 12678. Determine u(-22).
-512
Let i(o) = o**2 + 15299*o - 351870. Calculate i(23).
536
Let d(j) = 448*j - 9007. Calculate d(9).
-4975
Let w(k) = 44*k**2 - 9046*k + 5152. Calculate w(205).
-178
Let w(j) = 26*j**3 - 2*j**2 + 107*j - 402. What is w(4)?
1658
Let m(o) = 9*o**2 - 412*o - 2450. What is m(-6)?
346
Let o(t) = -t**2 - 2876*t + 387745. Calculate o(129).
100
Let h(u) = -9*u**3 - 575*u**2 - 513*u - 570. What is h(-63)?
-3
Let b(l) = -8*l**2 + 1802*l - 83315. Calculate b(65).
15
Let o(c) = -399*c - 142870. Determine o(-358).
-28
Let z(a) = -a**3 + 7*a**2 + 160*a + 1102. Determine z(0).
1102
Let z(l) = -4499*l - 181272. What is z(-40)?
-1312
Let a(d) = 2*d**3 + 214*d**2 + 4956*d - 278. Give a(-34).
-6
Let s(z) = -20262*z - 80976. Determine s(-4).
72
Let l(u) = -891*u + 760. Give l(1).
-131
Let a(c) = -1934*c**2 - 5799*c - 3. Determine a(-3).
-12
Let q(b) = -20490*b - 225384. Calculate q(-11).
6
Let f(z) = 2*z**2 + 110*z + 1270. Determine f(-14).
122
Let j(d) = 21*d**2 - 66*d + 57. Calculate j(1).
12
Let t(g) = -g**2 - 2089*g + 52854. Calculate t(25).
4
Let u(d) = -1810*d**2 + 14452*d - 2. Give u(8).
-226
Let d(w) = 99*w**2 + 650*w + 1297. Determine d(-2).
393
Let o(w) = -1107*w - 715154. Give o(-646).
-32
Let y(l) = -9*l**2 - 104*l + 705. Give y(7).
-464
Let w(a) = -1003*a - 65148. Give w(-65).
47
Let f(i) = -i**3 + 1341*i**2 - 26410*i - 167. Determine f(20).
33
Let n(g) = 2356*g - 18843. Determine n(8).
5
Let k(o) = 731*o**2 + 3685*o - 92. Determine k(-5).
-242
Let f(a) = 2*a**3 - 185*a**2 + 2134*a - 94. Calculate f(79).
-15
Let f(k) = -328*k + 25309. Give f(77).
53
Let t(n) = -515*n**2 - 590*n + 853. Determine t(-2).
-27
Let d(u) = 12*u**2 - 6804*u - 41265. What is d(-6)?
-9
Let j(m) = -m**3 + 41*m**2 - 296*m + 17. What is j(9)?
-55
Let l(b) = 5191*b - 332218. Give l(64).
6
Let l(u) = -13*u - 2546. What is l(-190)?
-76
Let l(z) = 258963*z - 3366515. Calculate l(13).
4
Let i(p) = 2*p**3 + 560*p**2 - 6322*p + 23287. Give i(-291).
7
Let l(o) = 6*o**2 - 1062*o - 10143. Calculate l(186).
-99
Let l(c) = -77*c**2 - 14738*c - 5906. What is l(-191)?
15
Let t(j) = 30*j**2 + 606*j + 1211. Calculate t(-2).
119
Let k(g) = -3*g**3 - 769*g**2 - 261*g - 1189. Calculate k(-256).
91
Let r(x) = -571*x + 9159. What is r(17)?
-548
Let f(o) = 14552*o - 1964512. Calculate f(135).
8
Let f(r) = 59223*r + 414571. Give f(-7).
10
Let q(v) = 7447*v + 431925. Determine q(-58).
-1
Let n(w) = -228*w + 22128. Determine n(94).
696
Let y(x) = -2*x**2 + 8*x + 212. Determine y(7).
170
Let i(c) = c**3 - 10*c**2 + 15923*c - 127315. Calculate i(8).
-59
Let x(s) = s**2 - 154*s + 5601. What is x(58)?
33
Let q(z) = 3*z**3 - 9*z**2 - 124*z + 36. Determine q(8).
4
Let b(o) = o**2 + 91243*o - 912528. What is b(10)?
2
Let v(y) = 71*y**2 + 79000*y - 25597. Determine v(-1113).
2
Let c(j) = -4286*j - 30113. Give c(-7).
-111
Let f(x) = x**3 - 174*x**2 + 5975*x - 774. Determine f(127).
-12
Let m(y) = 2*y**2 - 238*y - 8229. Calculate m(-28).
3
Let z(o) = 200*o**2 + 423*o + 49. Determine z(-2).
3
Let n(h) = -h**3 + 13*h**2 + 53*h - 247. What is n(7)?
418
Let q(m) = 166*m**2 - 6337*m + 1087. What is q(38)?
-15
Let t(c) = 67*c**3 - 7*c**2 - 111*c + 366. Determine t(3).
1779
Let r(n) = n**3 - 3*n**2 + 42168*n + 465541. Calculate r(-11).
-1
Let b(j) = -471*j + 6800. What is b(15)?
-265
Let d(l) = -l**2 + 4095*l + 6. Determine d(0).
6
Let v(h) = -48*h**2 - 483*h + 4773. Give v(10).
-4857
Let n(r) = r**2 + 85*r - 6766. What is n(-134)?
-200
Let a(n) = n**3 - 23*n**2 + 14*n + 369. Calculate a(8).
-479
Let r(k) = 40*k**2 + 55*k - 2. Determine r(-6).
1108
Let a(g) = -491*g - 3567. Calculate a(-8).
361
Let s(o) = 9592*o + 172076. Determine s(-18).
-580
Let m(g) = -11851*g + 26. What is m(0)?
26
Let n(s) = 10625*s - 201760. Give n(19).
115
Let t(r) = -3*r**3 + 504*r**2 - 34*r + 5766. Determine t(168).
54
Let z(v) = -6*v**3 - 40*v**2 - 25*v - 87. Calculate z(-9).
1272
Let s(m) = 687*m + 6699. Calculate s(-10).
-171
Let u(w) = -9*w**2 - 32*w - 16. Give u(-5).
-81
Let g(r) = 3*r**2 - 381*r - 103750. Give g(-133).
-10
Let q(v) = v**3 - 632*v - 9. What is q(0)?
-9
Let i(m) = 7*m**2 + 173*m + 1460. Calculate i(-7).
592
Let u(k) = -k**2 - 9095*k + 1227321. What is u(133)?
-3
Let r(l) = 4*l**2 - 671*l + 12818. What is r(22)?
-8
Let q(l) = -1261*l + 28852. Give q(23).
-151
Let u(w) = -4727*w + 269415. Give u(57).
-24
Let i(b) = 1127*b - 123993. Determine i(110).
-23
Let q(w) = -7*w**3 - 453*w**2 + 129*w + 4. Calculate q(-65).
69
Let p(o) = -12095*o + 7571423. What is p(626)?
-47
Let h(y) = y**3 - 59*y**2 + 150*y - 694. Calculate h(57).
1358
Let a(w) = 26*w**2 + 43*w - 557. Determine a(10).
